{"id":122,"date":"2015-02-14T01:55:30","date_gmt":"2015-02-14T01:55:30","guid":{"rendered":"http:\/\/tudosites.com\/demo\/wordpress\/megaportal\/?page_id=122"},"modified":"2024-01-23T16:15:20","modified_gmt":"2024-01-23T16:15:20","slug":"contato","status":"publish","type":"page","link":"https:\/\/sintramacon.com.br\/site\/?page_id=122","title":{"rendered":"Contato"},"content":{"rendered":"<p><strong>Nossos contatos<\/strong><\/p>\n<p><strong>Atendimento geral:<\/strong> (61) 3037-4648<br \/>\n<strong>Filia\u00e7\u00e3o ou atendimento ao sindicalizado:<\/strong> (61) 99861-7838<br \/>\n<strong>Agendamento de homologa\u00e7\u00e3o ou consultas:<\/strong> <span class=\"OYPEnA text-decoration-none text-strikethrough-none\">(61) 99181-0130<\/span><br \/>\n<strong>Email:<\/strong> <span class=\"OYPEnA text-decoration-none text-strikethrough-none\">sintramacondf@hotmail.com<br \/>\n<strong>Endere\u00e7o:<\/strong>SCS Qd. 2 Bloco C. N\u00ba 41 (Edif\u00edcio Anhanguera) sl. 401\/402 | Bras\u00edlia DF<br \/>\n<\/span><\/p>\n<p>Deixe aqui a sua d\u00favida ou sugest\u00f5es, em breve entraremos em contato.<\/p>\n\n<div class=\"wpcf7 no-js\" id=\"wpcf7-f703-o1\" lang=\"pt-BR\" dir=\"ltr\" data-wpcf7-id=\"703\">\n<div class=\"screen-reader-response\"><p role=\"status\" aria-live=\"polite\" aria-atomic=\"true\"><\/p> <ul><\/ul><\/div>\n<form action=\"\/site\/index.php?rest_route=%2Fwp%2Fv2%2Fpages%2F122#wpcf7-f703-o1\" method=\"post\" class=\"wpcf7-form init\" aria-label=\"Formul\u00e1rios de contato\" novalidate=\"novalidate\" data-status=\"init\">\n<fieldset class=\"hidden-fields-container\"><input type=\"hidden\" name=\"_wpcf7\" value=\"703\" \/><input type=\"hidden\" name=\"_wpcf7_version\" value=\"6.1.4\" \/><input type=\"hidden\" name=\"_wpcf7_locale\" value=\"pt_BR\" \/><input type=\"hidden\" name=\"_wpcf7_unit_tag\" value=\"wpcf7-f703-o1\" \/><input type=\"hidden\" name=\"_wpcf7_container_post\" value=\"0\" \/><input type=\"hidden\" name=\"_wpcf7_posted_data_hash\" value=\"\" \/>\n<\/fieldset>\n<p>Seu nome (obrigat\u00f3rio)\n<\/p>\n<p><span class=\"wpcf7-form-control-wrap\" data-name=\"your-name\"><input size=\"40\" maxlength=\"400\" class=\"wpcf7-form-control wpcf7-text wpcf7-validates-as-required\" aria-required=\"true\" aria-invalid=\"false\" value=\"\" type=\"text\" name=\"your-name\" \/><\/span>\n<\/p>\n<p>Seu e-mail (obrigat\u00f3rio)\n<\/p>\n<p><span class=\"wpcf7-form-control-wrap\" data-name=\"your-email\"><input size=\"40\" maxlength=\"400\" class=\"wpcf7-form-control wpcf7-email wpcf7-validates-as-required wpcf7-text wpcf7-validates-as-email\" aria-required=\"true\" aria-invalid=\"false\" value=\"\" type=\"email\" name=\"your-email\" \/><\/span>\n<\/p>\n<p>Assunto\n<\/p>\n<p><span class=\"wpcf7-form-control-wrap\" data-name=\"your-subject\"><input size=\"40\" maxlength=\"400\" class=\"wpcf7-form-control wpcf7-text\" aria-invalid=\"false\" value=\"\" type=\"text\" name=\"your-subject\" \/><\/span>\n<\/p>\n<p>Sua mensagem\n<\/p>\n<p><span class=\"wpcf7-form-control-wrap\" data-name=\"your-message\"><textarea cols=\"40\" rows=\"10\" maxlength=\"2000\" class=\"wpcf7-form-control wpcf7-textarea\" aria-invalid=\"false\" name=\"your-message\"><\/textarea><\/span>\n<\/p>\n<p><input class=\"wpcf7-form-control wpcf7-submit has-spinner\" type=\"submit\" value=\"Enviar\" \/>\n<\/p><p style=\"display: none !important;\" class=\"akismet-fields-container\" data-prefix=\"_wpcf7_ak_\"><label>&#916;<textarea name=\"_wpcf7_ak_hp_textarea\" cols=\"45\" rows=\"8\" maxlength=\"100\"><\/textarea><\/label><input type=\"hidden\" id=\"ak_js_1\" name=\"_wpcf7_ak_js\" value=\"221\"\/><script>document.getElementById( \"ak_js_1\" ).setAttribute( \"value\", ( new Date() ).getTime() );<\/script><\/p><div class=\"wpcf7-response-output\" aria-hidden=\"true\"><\/div>\n<\/form>\n<\/div>\n\n<p>&nbsp;<\/p>\n","protected":false},"excerpt":{"rendered":"<p>Nossos contatos Atendimento geral: (61) 3037-4648 Filia\u00e7\u00e3o ou atendimento ao sindicalizado: (61) 99861-7838 Agendamento de homologa\u00e7\u00e3o ou consultas: (61) 99181-0130 Email: sintramacondf@hotmail.com Endere\u00e7o:SCS Qd. 2 Bloco C. N\u00ba 41 (Edif\u00edcio Anhanguera) sl. 401\/402 | Bras\u00edlia DF Deixe aqui a sua d\u00favida ou sugest\u00f5es, em breve entraremos em contato. &nbsp;<\/p>\n","protected":false},"author":3,"featured_media":0,"parent":0,"menu_order":0,"comment_status":"open","ping_status":"open","template":"","meta":{"footnotes":""},"class_list":["post-122","page","type-page","status-publish","hentry"],"_links":{"self":[{"href":"https:\/\/sintramacon.com.br\/site\/index.php?rest_route=\/wp\/v2\/pages\/122","targetHints":{"allow":["GET"]}}],"collection":[{"href":"https:\/\/sintramacon.com.br\/site\/index.php?rest_route=\/wp\/v2\/pages"}],"about":[{"href":"https:\/\/sintramacon.com.br\/site\/index.php?rest_route=\/wp\/v2\/types\/page"}],"author":[{"embeddable":true,"href":"https:\/\/sintramacon.com.br\/site\/index.php?rest_route=\/wp\/v2\/users\/3"}],"replies":[{"embeddable":true,"href":"https:\/\/sintramacon.com.br\/site\/index.php?rest_route=%2Fwp%2Fv2%2Fcomments&post=122"}],"version-history":[{"count":8,"href":"https:\/\/sintramacon.com.br\/site\/index.php?rest_route=\/wp\/v2\/pages\/122\/revisions"}],"predecessor-version":[{"id":1612,"href":"https:\/\/sintramacon.com.br\/site\/index.php?rest_route=\/wp\/v2\/pages\/122\/revisions\/1612"}],"wp:attachment":[{"href":"https:\/\/sintramacon.com.br\/site\/index.php?rest_route=%2Fwp%2Fv2%2Fmedia&parent=122"}],"curies":[{"name":"wp","href":"https:\/\/api.w.org\/{rel}","templated":true}]}}