{"id":1361,"date":"2019-03-26T16:39:49","date_gmt":"2019-03-26T16:39:49","guid":{"rendered":"http:\/\/sintramacon.com.br\/site\/?page_id=1361"},"modified":"2023-04-14T17:00:44","modified_gmt":"2023-04-14T17:00:44","slug":"lazer","status":"publish","type":"page","link":"https:\/\/sintramacon.com.br\/site\/?page_id=1361","title":{"rendered":"Lazer"},"content":{"rendered":"<h1 style=\"text-align: center;\"><span style=\"color: #800000;\"><strong>\u00c1GUAS CORRENTES<\/strong><\/span><\/h1>\n<p><a href=\"https:\/\/sintramacon.com.br\/site\/wp-content\/uploads\/2023\/04\/a1.jpg\"><img loading=\"lazy\" decoding=\"async\" class=\"size-full wp-image-1547 aligncenter\" src=\"https:\/\/sintramacon.com.br\/site\/wp-content\/uploads\/2023\/04\/a1.jpg\" alt=\"\" width=\"709\" height=\"709\" srcset=\"https:\/\/sintramacon.com.br\/site\/wp-content\/uploads\/2023\/04\/a1.jpg 709w, https:\/\/sintramacon.com.br\/site\/wp-content\/uploads\/2023\/04\/a1-300x300.jpg 300w, https:\/\/sintramacon.com.br\/site\/wp-content\/uploads\/2023\/04\/a1-150x150.jpg 150w\" sizes=\"auto, (max-width: 709px) 100vw, 709px\" \/><\/a><a href=\"https:\/\/sintramacon.com.br\/site\/wp-content\/uploads\/2023\/04\/a2.jpg\"><img loading=\"lazy\" decoding=\"async\" class=\"size-full wp-image-1548 aligncenter\" src=\"https:\/\/sintramacon.com.br\/site\/wp-content\/uploads\/2023\/04\/a2.jpg\" alt=\"\" width=\"709\" height=\"709\" srcset=\"https:\/\/sintramacon.com.br\/site\/wp-content\/uploads\/2023\/04\/a2.jpg 709w, https:\/\/sintramacon.com.br\/site\/wp-content\/uploads\/2023\/04\/a2-300x300.jpg 300w, https:\/\/sintramacon.com.br\/site\/wp-content\/uploads\/2023\/04\/a2-150x150.jpg 150w\" sizes=\"auto, (max-width: 709px) 100vw, 709px\" \/><\/a><\/p>\n<p><a href=\"https:\/\/sintramacon.com.br\/site\/wp-content\/uploads\/2023\/04\/a3.jpg\">cE<img loading=\"lazy\" decoding=\"async\" class=\"size-full wp-image-1550 aligncenter\" src=\"https:\/\/sintramacon.com.br\/site\/wp-content\/uploads\/2023\/04\/a3.jpg\" alt=\"\" width=\"709\" height=\"1002\" srcset=\"https:\/\/sintramacon.com.br\/site\/wp-content\/uploads\/2023\/04\/a3.jpg 709w, https:\/\/sintramacon.com.br\/site\/wp-content\/uploads\/2023\/04\/a3-212x300.jpg 212w\" sizes=\"auto, (max-width: 709px) 100vw, 709px\" \/><\/a><\/p>\n<h2 style=\"text-align: center;\"><strong><span style=\"color: #333399;\">CELACAP <\/span><\/strong><br \/>\nCENTRO SOCIAL DE LAZER DA NOVACAP<\/h2>\n<p style=\"text-align: center;\">Para acessar o clube o associado dever\u00e1 apresentar a carteira de s\u00f3cio do sindicato. A entrada para o titular e seus dependentes s\u00e3o gratuitas e o acesso para seus convidados custa R$10,00. Maiores informa\u00e7\u00f5es atrav\u00e9s do Whatsapp <span style=\"color: #ff0000;\">61 99181-0130.\u00a0<\/span><\/p>\n<p><a href=\"https:\/\/sintramacon.com.br\/site\/wp-content\/uploads\/2023\/04\/WhatsApp-Image-2023-04-14-at-11.56.32.jpeg\"><img loading=\"lazy\" decoding=\"async\" class=\"alignnone size-full wp-image-1561\" src=\"https:\/\/sintramacon.com.br\/site\/wp-content\/uploads\/2023\/04\/WhatsApp-Image-2023-04-14-at-11.56.32.jpeg\" alt=\"\" width=\"1496\" height=\"1496\" srcset=\"https:\/\/sintramacon.com.br\/site\/wp-content\/uploads\/2023\/04\/WhatsApp-Image-2023-04-14-at-11.56.32.jpeg 1496w, https:\/\/sintramacon.com.br\/site\/wp-content\/uploads\/2023\/04\/WhatsApp-Image-2023-04-14-at-11.56.32-300x300.jpeg 300w, https:\/\/sintramacon.com.br\/site\/wp-content\/uploads\/2023\/04\/WhatsApp-Image-2023-04-14-at-11.56.32-1024x1024.jpeg 1024w, https:\/\/sintramacon.com.br\/site\/wp-content\/uploads\/2023\/04\/WhatsApp-Image-2023-04-14-at-11.56.32-150x150.jpeg 150w, https:\/\/sintramacon.com.br\/site\/wp-content\/uploads\/2023\/04\/WhatsApp-Image-2023-04-14-at-11.56.32-768x768.jpeg 768w\" sizes=\"auto, (max-width: 1496px) 100vw, 1496px\" \/><\/a> <a href=\"https:\/\/sintramacon.com.br\/site\/wp-content\/uploads\/2023\/04\/WhatsApp-Image-2023-04-14-at-11.56.31-1.jpeg\"><img loading=\"lazy\" decoding=\"async\" class=\"alignnone size-full wp-image-1562\" src=\"https:\/\/sintramacon.com.br\/site\/wp-content\/uploads\/2023\/04\/WhatsApp-Image-2023-04-14-at-11.56.31-1.jpeg\" alt=\"\" width=\"1496\" height=\"1496\" srcset=\"https:\/\/sintramacon.com.br\/site\/wp-content\/uploads\/2023\/04\/WhatsApp-Image-2023-04-14-at-11.56.31-1.jpeg 1496w, https:\/\/sintramacon.com.br\/site\/wp-content\/uploads\/2023\/04\/WhatsApp-Image-2023-04-14-at-11.56.31-1-300x300.jpeg 300w, https:\/\/sintramacon.com.br\/site\/wp-content\/uploads\/2023\/04\/WhatsApp-Image-2023-04-14-at-11.56.31-1-1024x1024.jpeg 1024w, https:\/\/sintramacon.com.br\/site\/wp-content\/uploads\/2023\/04\/WhatsApp-Image-2023-04-14-at-11.56.31-1-150x150.jpeg 150w, https:\/\/sintramacon.com.br\/site\/wp-content\/uploads\/2023\/04\/WhatsApp-Image-2023-04-14-at-11.56.31-1-768x768.jpeg 768w\" sizes=\"auto, (max-width: 1496px) 100vw, 1496px\" \/><\/a> <a href=\"https:\/\/sintramacon.com.br\/site\/wp-content\/uploads\/2023\/04\/WhatsApp-Image-2023-04-14-at-11.56.31.jpeg\"><img loading=\"lazy\" decoding=\"async\" class=\"alignnone size-full wp-image-1563\" src=\"https:\/\/sintramacon.com.br\/site\/wp-content\/uploads\/2023\/04\/WhatsApp-Image-2023-04-14-at-11.56.31.jpeg\" alt=\"\" width=\"1496\" height=\"1496\" srcset=\"https:\/\/sintramacon.com.br\/site\/wp-content\/uploads\/2023\/04\/WhatsApp-Image-2023-04-14-at-11.56.31.jpeg 1496w, https:\/\/sintramacon.com.br\/site\/wp-content\/uploads\/2023\/04\/WhatsApp-Image-2023-04-14-at-11.56.31-300x300.jpeg 300w, https:\/\/sintramacon.com.br\/site\/wp-content\/uploads\/2023\/04\/WhatsApp-Image-2023-04-14-at-11.56.31-1024x1024.jpeg 1024w, https:\/\/sintramacon.com.br\/site\/wp-content\/uploads\/2023\/04\/WhatsApp-Image-2023-04-14-at-11.56.31-150x150.jpeg 150w, https:\/\/sintramacon.com.br\/site\/wp-content\/uploads\/2023\/04\/WhatsApp-Image-2023-04-14-at-11.56.31-768x768.jpeg 768w\" sizes=\"auto, (max-width: 1496px) 100vw, 1496px\" \/><\/a> <a href=\"https:\/\/sintramacon.com.br\/site\/wp-content\/uploads\/2023\/04\/WhatsApp-Image-2023-04-14-at-11.56.29-1.jpeg\"><img loading=\"lazy\" decoding=\"async\" class=\"alignnone size-full wp-image-1564\" src=\"https:\/\/sintramacon.com.br\/site\/wp-content\/uploads\/2023\/04\/WhatsApp-Image-2023-04-14-at-11.56.29-1.jpeg\" alt=\"\" width=\"1600\" height=\"1600\" srcset=\"https:\/\/sintramacon.com.br\/site\/wp-content\/uploads\/2023\/04\/WhatsApp-Image-2023-04-14-at-11.56.29-1.jpeg 1600w, https:\/\/sintramacon.com.br\/site\/wp-content\/uploads\/2023\/04\/WhatsApp-Image-2023-04-14-at-11.56.29-1-300x300.jpeg 300w, https:\/\/sintramacon.com.br\/site\/wp-content\/uploads\/2023\/04\/WhatsApp-Image-2023-04-14-at-11.56.29-1-1024x1024.jpeg 1024w, https:\/\/sintramacon.com.br\/site\/wp-content\/uploads\/2023\/04\/WhatsApp-Image-2023-04-14-at-11.56.29-1-150x150.jpeg 150w, https:\/\/sintramacon.com.br\/site\/wp-content\/uploads\/2023\/04\/WhatsApp-Image-2023-04-14-at-11.56.29-1-768x768.jpeg 768w, https:\/\/sintramacon.com.br\/site\/wp-content\/uploads\/2023\/04\/WhatsApp-Image-2023-04-14-at-11.56.29-1-1536x1536.jpeg 1536w\" sizes=\"auto, (max-width: 1600px) 100vw, 1600px\" \/><\/a> <a href=\"https:\/\/sintramacon.com.br\/site\/wp-content\/uploads\/2023\/04\/WhatsApp-Image-2023-04-14-at-11.56.29.jpeg\"><img loading=\"lazy\" decoding=\"async\" class=\"alignnone size-full wp-image-1565\" src=\"https:\/\/sintramacon.com.br\/site\/wp-content\/uploads\/2023\/04\/WhatsApp-Image-2023-04-14-at-11.56.29.jpeg\" alt=\"\" width=\"1496\" height=\"1496\" srcset=\"https:\/\/sintramacon.com.br\/site\/wp-content\/uploads\/2023\/04\/WhatsApp-Image-2023-04-14-at-11.56.29.jpeg 1496w, https:\/\/sintramacon.com.br\/site\/wp-content\/uploads\/2023\/04\/WhatsApp-Image-2023-04-14-at-11.56.29-300x300.jpeg 300w, https:\/\/sintramacon.com.br\/site\/wp-content\/uploads\/2023\/04\/WhatsApp-Image-2023-04-14-at-11.56.29-1024x1024.jpeg 1024w, https:\/\/sintramacon.com.br\/site\/wp-content\/uploads\/2023\/04\/WhatsApp-Image-2023-04-14-at-11.56.29-150x150.jpeg 150w, https:\/\/sintramacon.com.br\/site\/wp-content\/uploads\/2023\/04\/WhatsApp-Image-2023-04-14-at-11.56.29-768x768.jpeg 768w\" sizes=\"auto, (max-width: 1496px) 100vw, 1496px\" \/><\/a> <a href=\"https:\/\/sintramacon.com.br\/site\/wp-content\/uploads\/2023\/04\/WhatsApp-Image-2023-04-14-at-11.56.28-1.jpeg\"><img loading=\"lazy\" decoding=\"async\" class=\"alignnone size-full wp-image-1566\" src=\"https:\/\/sintramacon.com.br\/site\/wp-content\/uploads\/2023\/04\/WhatsApp-Image-2023-04-14-at-11.56.28-1.jpeg\" alt=\"\" width=\"1496\" height=\"1496\" srcset=\"https:\/\/sintramacon.com.br\/site\/wp-content\/uploads\/2023\/04\/WhatsApp-Image-2023-04-14-at-11.56.28-1.jpeg 1496w, https:\/\/sintramacon.com.br\/site\/wp-content\/uploads\/2023\/04\/WhatsApp-Image-2023-04-14-at-11.56.28-1-300x300.jpeg 300w, https:\/\/sintramacon.com.br\/site\/wp-content\/uploads\/2023\/04\/WhatsApp-Image-2023-04-14-at-11.56.28-1-1024x1024.jpeg 1024w, https:\/\/sintramacon.com.br\/site\/wp-content\/uploads\/2023\/04\/WhatsApp-Image-2023-04-14-at-11.56.28-1-150x150.jpeg 150w, https:\/\/sintramacon.com.br\/site\/wp-content\/uploads\/2023\/04\/WhatsApp-Image-2023-04-14-at-11.56.28-1-768x768.jpeg 768w\" sizes=\"auto, (max-width: 1496px) 100vw, 1496px\" \/><\/a> <a href=\"https:\/\/sintramacon.com.br\/site\/wp-content\/uploads\/2023\/04\/WhatsApp-Image-2023-04-14-at-11.56.28.jpeg\"><img loading=\"lazy\" decoding=\"async\" class=\"alignnone size-full wp-image-1567\" src=\"https:\/\/sintramacon.com.br\/site\/wp-content\/uploads\/2023\/04\/WhatsApp-Image-2023-04-14-at-11.56.28.jpeg\" alt=\"\" width=\"1600\" height=\"1600\" srcset=\"https:\/\/sintramacon.com.br\/site\/wp-content\/uploads\/2023\/04\/WhatsApp-Image-2023-04-14-at-11.56.28.jpeg 1600w, https:\/\/sintramacon.com.br\/site\/wp-content\/uploads\/2023\/04\/WhatsApp-Image-2023-04-14-at-11.56.28-300x300.jpeg 300w, https:\/\/sintramacon.com.br\/site\/wp-content\/uploads\/2023\/04\/WhatsApp-Image-2023-04-14-at-11.56.28-1024x1024.jpeg 1024w, https:\/\/sintramacon.com.br\/site\/wp-content\/uploads\/2023\/04\/WhatsApp-Image-2023-04-14-at-11.56.28-150x150.jpeg 150w, https:\/\/sintramacon.com.br\/site\/wp-content\/uploads\/2023\/04\/WhatsApp-Image-2023-04-14-at-11.56.28-768x768.jpeg 768w, https:\/\/sintramacon.com.br\/site\/wp-content\/uploads\/2023\/04\/WhatsApp-Image-2023-04-14-at-11.56.28-1536x1536.jpeg 1536w\" sizes=\"auto, (max-width: 1600px) 100vw, 1600px\" \/><\/a><\/p>\n","protected":false},"excerpt":{"rendered":"<p>\u00c1GUAS CORRENTES cE CELACAP CENTRO SOCIAL DE LAZER DA NOVACAP Para acessar o clube o associado dever\u00e1 apresentar a carteira de s\u00f3cio do sindicato. A entrada para o titular e seus dependentes s\u00e3o gratuitas e o acesso para seus convidados custa R$10,00. Maiores informa\u00e7\u00f5es atrav\u00e9s do Whatsapp 61 99181-0130.\u00a0<\/p>\n","protected":false},"author":3,"featured_media":0,"parent":0,"menu_order":0,"comment_status":"closed","ping_status":"closed","template":"","meta":{"footnotes":""},"class_list":["post-1361","page","type-page","status-publish","hentry"],"_links":{"self":[{"href":"https:\/\/sintramacon.com.br\/site\/index.php?rest_route=\/wp\/v2\/pages\/1361","targetHints":{"allow":["GET"]}}],"collection":[{"href":"https:\/\/sintramacon.com.br\/site\/index.php?rest_route=\/wp\/v2\/pages"}],"about":[{"href":"https:\/\/sintramacon.com.br\/site\/index.php?rest_route=\/wp\/v2\/types\/page"}],"author":[{"embeddable":true,"href":"https:\/\/sintramacon.com.br\/site\/index.php?rest_route=\/wp\/v2\/users\/3"}],"replies":[{"embeddable":true,"href":"https:\/\/sintramacon.com.br\/site\/index.php?rest_route=%2Fwp%2Fv2%2Fcomments&post=1361"}],"version-history":[{"count":4,"href":"https:\/\/sintramacon.com.br\/site\/index.php?rest_route=\/wp\/v2\/pages\/1361\/revisions"}],"predecessor-version":[{"id":1570,"href":"https:\/\/sintramacon.com.br\/site\/index.php?rest_route=\/wp\/v2\/pages\/1361\/revisions\/1570"}],"wp:attachment":[{"href":"https:\/\/sintramacon.com.br\/site\/index.php?rest_route=%2Fwp%2Fv2%2Fmedia&parent=1361"}],"curies":[{"name":"wp","href":"https:\/\/api.w.org\/{rel}","templated":true}]}}